{"id":3,"date":"2024-12-02T22:03:50","date_gmt":"2024-12-02T22:03:50","guid":{"rendered":"https:\/\/boschcarservicemartinez.com\/mtz\/?page_id=3"},"modified":"2025-04-24T19:05:40","modified_gmt":"2025-04-25T01:05:40","slug":"privacy-policy","status":"publish","type":"page","link":"https:\/\/boschcarservicemartinez.com\/mtz\/privacy-policy\/","title":{"rendered":"Aviso de Privacidad"},"content":{"rendered":"\t\t<div data-elementor-type=\"wp-page\" data-elementor-id=\"3\" class=\"elementor elementor-3\" data-elementor-post-type=\"page\">\n\t\t\t\t<div class=\"elementor-element elementor-element-dba7bd1 e-flex e-con-boxed e-con e-parent\" data-id=\"dba7bd1\" data-element_type=\"container\">\n\t\t\t\t\t<div class=\"e-con-inner\">\n\t\t\t\t<div class=\"elementor-element elementor-element-861d575 elementor-widget elementor-widget-heading\" data-id=\"861d575\" data-element_type=\"widget\" data-widget_type=\"heading.default\">\n\t\t\t\t<div class=\"elementor-widget-container\">\n\t\t\t\t\t<h2 class=\"elementor-heading-title elementor-size-default\">Aviso de privacidad<\/h2>\t\t\t\t<\/div>\n\t\t\t\t<\/div>\n\t\t\t\t<div class=\"elementor-element elementor-element-62e4c3b elementor-widget elementor-widget-text-editor\" data-id=\"62e4c3b\" data-element_type=\"widget\" data-widget_type=\"text-editor.default\">\n\t\t\t\t<div class=\"elementor-widget-container\">\n\t\t\t\t\t\t\t\t\t<p class=\"s3\"><span class=\"s6\">Con fundamento en los art\u00edculos 15 y 16 de la Ley Federal de Protecci\u00f3n de Datos Personales en Posesi\u00f3n de<\/span><\/p>\n<p class=\"s3\"><span class=\"s6\">Particulares hacemos de su conocimiento que <\/span><span class=\"s7\">CLUTCH Y FRENOS MARTINEZ S.A. DE C.V.<\/span><span class=\"s7\"> CON DOMICILIO<\/span><span class=\"s7\"> FISCAL<\/span><span class=\"s7\"> EN<\/span><span class=\"s7\"> H. COLEGIO MILITAR #3030, COL. EMILIANO ZAPATA, CODIGO POSTAL 80260 EN LA CIUDAD DE CULIACAN, SINALOA<\/span><span class=\"s7\">, <\/span><span class=\"s6\">es responsable <\/span><span class=\"s6\">de recabar sus datos personales,<\/span><span class=\"s6\"> del uso que se le d\u00e9 a los mismos y de su protecci\u00f3n.<\/span><\/p>\n<p class=\"s3\">\u00a0<\/p>\n<p class=\"s3\"><span class=\"s6\">Su informaci\u00f3n personal ser\u00e1 utilizada con las siguientes finalidades: proveer los servicios y productos que ha solicitado; notificarle sobre nuevos servicios o productos que tengan relaci\u00f3n con los ya contratados o adquiridos; comunicarle sobre cambios en los mismos; elaborar estudios y programas que son necesarios para determinar h\u00e1bitos de consumo; realizar evaluaciones peri\u00f3dicas de nuestros productos y servicios a efecto de mejorar la calidad de los mismos; evaluar la calidad del servicio que brindamos, y en general, para dar cumplimiento a las obligaciones que hemos contra\u00eddo con usted.<\/span><\/p>\n<p class=\"s3\">\u00a0<\/p>\n<p class=\"s3\"><span class=\"s6\">Para las finalidades antes mencionadas, requerimos obtener los siguientes datos personales:<\/span><\/p>\n<p class=\"s3\"><span class=\"s6\">\u2022 Nombre completo y\/o Raz\u00f3n social<\/span><\/p>\n<p class=\"s3\"><span class=\"s6\">\u2022 Tel\u00e9fono fijo y\/o celular<\/span><\/p>\n<p class=\"s3\"><span class=\"s6\">\u2022 Correo electr\u00f3nico<\/span><\/p>\n<p class=\"s3\"><span class=\"s6\">\u2022 Firma aut\u00f3grafa<\/span><\/p>\n<p class=\"s3\"><span class=\"s6\">\u2022 Direcci\u00f3n<\/span><\/p>\n<p class=\"s3\"><span class=\"s6\">\u2022 RFC y\/o CURP<\/span><\/p>\n<p class=\"s3\"><span class=\"s6\">\u2022 MARCA, MODELO, SERIE, TIPO, KILOMETRAJE Y PLACAS DE VEHICULO<\/span><\/p>\n<p class=\"s3\">\u00a0<\/p>\n<p class=\"s3\"><span class=\"s6\">Es importante informarle que usted tiene derecho al Acceso, Rectificaci\u00f3n y Cancelaci\u00f3n de sus Datos personales, a Oponerse al tratamiento de los mismos o a revocar el consentimiento que para dicho fin nos haya otorgado.<\/span><\/p>\n<p class=\"s3\">\u00a0<\/p>\n<p class=\"s3\"><span class=\"s6\">Para ello, es necesario que env\u00ede la solicitud en los t\u00e9rminos que marca la Ley en su Art. 29 a nuestro<\/span><\/p>\n<p class=\"s3\"><span class=\"s6\">Departamento de Protecci\u00f3n de Datos Personales, ubicado en <\/span><span class=\"s8\">AV. MARIANO OTERO #5617 COL. ARBOLEDAS, C.P. 45070 ZAPOPAN, JALISCO; MEXICO<\/span> <span class=\"s6\">o bien, se comunique al tel\u00e9fono (33) 3634 5670 o v\u00eda correo electr\u00f3nico <\/span><span class=\"s9\">administraci\u00f3n.gdl@clutchyfrenosmartinez.com<\/span><span class=\"s6\">, el cual solicitamos confirme v\u00eda telef\u00f3nica para garantizar su correcta recepci\u00f3n.<\/span><\/p>\n<p class=\"s3\">\u00a0<\/p>\n<p class=\"s3\"><span class=\"s6\">En caso de que no desee recibir mensajes promocionales de nuestra parte, puede enviarnos su solicitud por medio de la direcci\u00f3n electr\u00f3nica: <\/span><span class=\"s9\">administraci\u00f3n.gdl@clutchyfrenosmartinez.com<\/span><span class=\"s6\">, Importante: Cualquier modificaci\u00f3n a este Aviso de Privacidad podr\u00e1 consultarlo en http:\/\/<\/span><span class=\"s9\">www.<\/span><span class=\"s9\">boschcarservice<\/span><span class=\"s9\">martinez.com<\/span><a name=\"_GoBack\"><\/a><\/p>\n<p>\u00a0<\/p>\n<p class=\"s3\"><span class=\"s10\">Ave. Mariano Otero #5617<\/span><\/p>\n<p class=\"s3\"><span class=\"s10\">Col. Arboledas, <\/span><span class=\"s10\">Zap<\/span><span class=\"s10\">. Jal. C.P. 45070<\/span><\/p>\n<p class=\"s3\"><span class=\"s10\">Tel. (0133) 3634-5670 y 3632-7204<\/span><\/p>\n<p class=\"s3\"><span class=\"s10\">direccio<\/span><span class=\"s10\">n.martinez@bosch-service.com.mx<\/span><\/p>\n<p class=\"s3\"><span class=\"s10\">administracio<\/span><span class=\"s10\">n.gdl@frenosmartinez.com<\/span><\/p>\n<p class=\"s3\"><span class=\"s10\">www.clutchyfrenosmartinez.com<\/span><\/p>\t\t\t\t\t\t\t\t<\/div>\n\t\t\t\t<\/div>\n\t\t\t\t\t<\/div>\n\t\t\t\t<\/div>\n\t\t<div class=\"elementor-element elementor-element-c10badd e-flex e-con-boxed e-con e-parent\" data-id=\"c10badd\" data-element_type=\"container\" data-settings=\"{&quot;background_background&quot;:&quot;classic&quot;}\">\n\t\t\t\t\t<div class=\"e-con-inner\">\n\t\t\t\t<div class=\"elementor-element elementor-element-75aaee8 elementor-widget elementor-widget-heading\" data-id=\"75aaee8\" data-element_type=\"widget\" data-widget_type=\"heading.default\">\n\t\t\t\t<div class=\"elementor-widget-container\">\n\t\t\t\t\t<h2 class=\"elementor-heading-title elementor-size-default\">Bosch Car Service Clutch y Frenos Mart\u00ednez\n\n<\/h2>\t\t\t\t<\/div>\n\t\t\t\t<\/div>\n\t\t\t\t\t<\/div>\n\t\t\t\t<\/div>\n\t\t<div class=\"elementor-element elementor-element-d47d025 e-flex e-con-boxed e-con e-parent\" data-id=\"d47d025\" data-element_type=\"container\">\n\t\t\t\t\t<div class=\"e-con-inner\">\n\t\t\t\t<div class=\"elementor-element elementor-element-b637dfd elementor-widget__width-inherit elementor-widget elementor-widget-image\" data-id=\"b637dfd\" data-element_type=\"widget\" data-widget_type=\"image.default\">\n\t\t\t\t<div class=\"elementor-widget-container\">\n\t\t\t\t\t\t\t\t\t\t\t\t\t\t\t<img fetchpriority=\"high\" decoding=\"async\" width=\"567\" height=\"567\" src=\"https:\/\/boschcarservicemartinez.com\/mtz\/wp-content\/uploads\/2024\/12\/BCS_4C_48x48_14655.jpg\" class=\"attachment-large size-large wp-image-96\" alt=\"\" srcset=\"https:\/\/boschcarservicemartinez.com\/mtz\/wp-content\/uploads\/2024\/12\/BCS_4C_48x48_14655.jpg 567w, https:\/\/boschcarservicemartinez.com\/mtz\/wp-content\/uploads\/2024\/12\/BCS_4C_48x48_14655-300x300.jpg 300w, https:\/\/boschcarservicemartinez.com\/mtz\/wp-content\/uploads\/2024\/12\/BCS_4C_48x48_14655-150x150.jpg 150w\" sizes=\"(max-width: 567px) 100vw, 567px\" \/>\t\t\t\t\t\t\t\t\t\t\t\t\t\t\t<\/div>\n\t\t\t\t<\/div>\n\t\t\t\t\t<\/div>\n\t\t\t\t<\/div>\n\t\t<div class=\"elementor-element elementor-element-49f3361 e-flex e-con-boxed e-con e-parent\" data-id=\"49f3361\" data-element_type=\"container\" data-settings=\"{&quot;background_background&quot;:&quot;classic&quot;}\">\n\t\t\t\t\t<div class=\"e-con-inner\">\n\t\t<div class=\"elementor-element elementor-element-4c5edfe e-con-full e-flex e-con e-child\" data-id=\"4c5edfe\" data-element_type=\"container\">\n\t\t\t\t<\/div>\n\t\t<div class=\"elementor-element elementor-element-b8b5437 e-con-full e-flex e-con e-child\" data-id=\"b8b5437\" data-element_type=\"container\">\n\t\t\t\t<div class=\"elementor-element elementor-element-c8d4747 elementor-widget__width-auto elementor-view-default elementor-widget elementor-widget-icon\" data-id=\"c8d4747\" data-element_type=\"widget\" data-widget_type=\"icon.default\">\n\t\t\t\t<div class=\"elementor-widget-container\">\n\t\t\t\t\t\t\t<div class=\"elementor-icon-wrapper\">\n\t\t\t<div class=\"elementor-icon\">\n\t\t\t<svg aria-hidden=\"true\" class=\"e-font-icon-svg e-far-clock\" viewBox=\"0 0 512 512\" xmlns=\"http:\/\/www.w3.org\/2000\/svg\"><path d=\"M256 8C119 8 8 119 8 256s111 248 248 248 248-111 248-248S393 8 256 8zm0 448c-110.5 0-200-89.5-200-200S145.5 56 256 56s200 89.5 200 200-89.5 200-200 200zm61.8-104.4l-84.9-61.7c-3.1-2.3-4.9-5.9-4.9-9.7V116c0-6.6 5.4-12 12-12h32c6.6 0 12 5.4 12 12v141.7l66.8 48.6c5.4 3.9 6.5 11.4 2.6 16.8L334.6 349c-3.9 5.3-11.4 6.5-16.8 2.6z\"><\/path><\/svg>\t\t\t<\/div>\n\t\t<\/div>\n\t\t\t\t\t\t<\/div>\n\t\t\t\t<\/div>\n\t\t\t\t<div class=\"elementor-element elementor-element-d245bb4 elementor-widget elementor-widget-text-editor\" data-id=\"d245bb4\" data-element_type=\"widget\" data-widget_type=\"text-editor.default\">\n\t\t\t\t<div class=\"elementor-widget-container\">\n\t\t\t\t\t\t\t\t\t<p>Lunes &#8211; Viernes: 8:00 am &#8211; 6:00 pm<br \/>S\u00e1bados: 8:00 am &#8211; 2:30 pm<br \/><strong>Domingo Cerrado<\/strong><\/p>\t\t\t\t\t\t\t\t<\/div>\n\t\t\t\t<\/div>\n\t\t\t\t<\/div>\n\t\t<div class=\"elementor-element elementor-element-fbac03c e-con-full e-flex e-con e-child\" data-id=\"fbac03c\" data-element_type=\"container\">\n\t\t\t\t<div class=\"elementor-element elementor-element-51744af elementor-widget__width-auto elementor-view-default elementor-widget elementor-widget-icon\" data-id=\"51744af\" data-element_type=\"widget\" data-widget_type=\"icon.default\">\n\t\t\t\t<div class=\"elementor-widget-container\">\n\t\t\t\t\t\t\t<div class=\"elementor-icon-wrapper\">\n\t\t\t<div class=\"elementor-icon\">\n\t\t\t<svg aria-hidden=\"true\" class=\"e-font-icon-svg e-far-address-book\" viewBox=\"0 0 448 512\" xmlns=\"http:\/\/www.w3.org\/2000\/svg\"><path d=\"M436 160c6.6 0 12-5.4 12-12v-40c0-6.6-5.4-12-12-12h-20V48c0-26.5-21.5-48-48-48H48C21.5 0 0 21.5 0 48v416c0 26.5 21.5 48 48 48h320c26.5 0 48-21.5 48-48v-48h20c6.6 0 12-5.4 12-12v-40c0-6.6-5.4-12-12-12h-20v-64h20c6.6 0 12-5.4 12-12v-40c0-6.6-5.4-12-12-12h-20v-64h20zm-68 304H48V48h320v416zM208 256c35.3 0 64-28.7 64-64s-28.7-64-64-64-64 28.7-64 64 28.7 64 64 64zm-89.6 128h179.2c12.4 0 22.4-8.6 22.4-19.2v-19.2c0-31.8-30.1-57.6-67.2-57.6-10.8 0-18.7 8-44.8 8-26.9 0-33.4-8-44.8-8-37.1 0-67.2 25.8-67.2 57.6v19.2c0 10.6 10 19.2 22.4 19.2z\"><\/path><\/svg>\t\t\t<\/div>\n\t\t<\/div>\n\t\t\t\t\t\t<\/div>\n\t\t\t\t<\/div>\n\t\t\t\t<div class=\"elementor-element elementor-element-dda9e0e elementor-widget elementor-widget-text-editor\" data-id=\"dda9e0e\" data-element_type=\"widget\" data-widget_type=\"text-editor.default\">\n\t\t\t\t<div class=\"elementor-widget-container\">\n\t\t\t\t\t\t\t\t\t<p>(01) 33-3634-5670 \/ 33-3632-7204 \/ 33-3133-4566<br \/><strong>asesor\u00eda.gdl@clutchyfrenosmartinez.com<\/strong><\/p>\t\t\t\t\t\t\t\t<\/div>\n\t\t\t\t<\/div>\n\t\t\t\t<\/div>\n\t\t<div class=\"elementor-element elementor-element-65fe5bd e-con-full e-flex e-con e-child\" data-id=\"65fe5bd\" data-element_type=\"container\">\n\t\t\t\t<div class=\"elementor-element elementor-element-df8ee4c elementor-widget__width-auto elementor-view-default elementor-widget elementor-widget-icon\" data-id=\"df8ee4c\" data-element_type=\"widget\" data-widget_type=\"icon.default\">\n\t\t\t\t<div class=\"elementor-widget-container\">\n\t\t\t\t\t\t\t<div class=\"elementor-icon-wrapper\">\n\t\t\t<div class=\"elementor-icon\">\n\t\t\t<svg aria-hidden=\"true\" class=\"e-font-icon-svg e-far-map\" viewBox=\"0 0 576 512\" xmlns=\"http:\/\/www.w3.org\/2000\/svg\"><path d=\"M560.02 32c-1.96 0-3.98.37-5.96 1.16L384.01 96H384L212 35.28A64.252 64.252 0 0 0 191.76 32c-6.69 0-13.37 1.05-19.81 3.14L20.12 87.95A32.006 32.006 0 0 0 0 117.66v346.32C0 473.17 7.53 480 15.99 480c1.96 0 3.97-.37 5.96-1.16L192 416l172 60.71a63.98 63.98 0 0 0 40.05.15l151.83-52.81A31.996 31.996 0 0 0 576 394.34V48.02c0-9.19-7.53-16.02-15.98-16.02zM224 90.42l128 45.19v285.97l-128-45.19V90.42zM48 418.05V129.07l128-44.53v286.2l-.64.23L48 418.05zm480-35.13l-128 44.53V141.26l.64-.24L528 93.95v288.97z\"><\/path><\/svg>\t\t\t<\/div>\n\t\t<\/div>\n\t\t\t\t\t\t<\/div>\n\t\t\t\t<\/div>\n\t\t\t\t<div class=\"elementor-element elementor-element-998fce4 elementor-widget elementor-widget-text-editor\" data-id=\"998fce4\" data-element_type=\"widget\" data-widget_type=\"text-editor.default\">\n\t\t\t\t<div class=\"elementor-widget-container\">\n\t\t\t\t\t\t\t\t\t<p>Av. Mariano Otero #5617 Arboledas<br \/><strong>Zapopan, Jalisco, M\u00e9xico<\/strong><\/p>\t\t\t\t\t\t\t\t<\/div>\n\t\t\t\t<\/div>\n\t\t\t\t<\/div>\n\t\t\t\t\t<\/div>\n\t\t\t\t<\/div>\n\t\t\t\t<\/div>\n\t\t","protected":false},"excerpt":{"rendered":"<p>Aviso de privacidad Con fundamento en los art\u00edculos 15 y 16 de la Ley Federal de Protecci\u00f3n de Datos Personales en Posesi\u00f3n de Particulares hacemos de su conocimiento que CLUTCH Y FRENOS MARTINEZ S.A. DE C.V. CON DOMICILIO FISCAL EN H. COLEGIO MILITAR #3030, COL. EMILIANO ZAPATA, CODIGO POSTAL 80260 EN LA CIUDAD DE CULIACAN, [&hellip;]<\/p>\n","protected":false},"author":1,"featured_media":0,"parent":0,"menu_order":0,"comment_status":"closed","ping_status":"open","template":"","meta":{"_joinchat":[],"footnotes":""},"class_list":["post-3","page","type-page","status-publish","hentry"],"yoast_head":"<!-- This site is optimized with the Yoast SEO plugin v26.8 - https:\/\/yoast.com\/product\/yoast-seo-wordpress\/ -->\n<title>Aviso de Privacidad - Bosch Car Service Clutch y Frenos Mart\u00ednez<\/title>\n<meta name=\"robots\" content=\"index, follow, max-snippet:-1, max-image-preview:large, max-video-preview:-1\" \/>\n<link rel=\"canonical\" href=\"https:\/\/boschcarservicemartinez.com\/mtz\/privacy-policy\/\" \/>\n<meta property=\"og:locale\" content=\"es_MX\" \/>\n<meta property=\"og:type\" content=\"article\" \/>\n<meta property=\"og:title\" content=\"Aviso de Privacidad - Bosch Car Service Clutch y Frenos Mart\u00ednez\" \/>\n<meta property=\"og:description\" content=\"Aviso de privacidad Con fundamento en los art\u00edculos 15 y 16 de la Ley Federal de Protecci\u00f3n de Datos Personales en Posesi\u00f3n de Particulares hacemos de su conocimiento que CLUTCH Y FRENOS MARTINEZ S.A. DE C.V. CON DOMICILIO FISCAL EN H. COLEGIO MILITAR #3030, COL. EMILIANO ZAPATA, CODIGO POSTAL 80260 EN LA CIUDAD DE CULIACAN, [&hellip;]\" \/>\n<meta property=\"og:url\" content=\"https:\/\/boschcarservicemartinez.com\/mtz\/privacy-policy\/\" \/>\n<meta property=\"og:site_name\" content=\"Bosch Car Service Clutch y Frenos Mart\u00ednez\" \/>\n<meta property=\"article:publisher\" content=\"https:\/\/www.facebook.com\/boschmtz\/\" \/>\n<meta property=\"article:modified_time\" content=\"2025-04-25T01:05:40+00:00\" \/>\n<meta property=\"og:image\" content=\"https:\/\/boschcarservicemartinez.com\/mtz\/wp-content\/uploads\/2024\/12\/BCS_4C_48x48_14655.jpg\" \/>\n\t<meta property=\"og:image:width\" content=\"567\" \/>\n\t<meta property=\"og:image:height\" content=\"567\" \/>\n\t<meta property=\"og:image:type\" content=\"image\/jpeg\" \/>\n<meta name=\"twitter:card\" content=\"summary_large_image\" \/>\n<meta name=\"twitter:label1\" content=\"Tiempo de lectura\" \/>\n\t<meta name=\"twitter:data1\" content=\"3 minutos\" \/>\n<script type=\"application\/ld+json\" class=\"yoast-schema-graph\">{\"@context\":\"https:\/\/schema.org\",\"@graph\":[{\"@type\":\"WebPage\",\"@id\":\"https:\/\/boschcarservicemartinez.com\/mtz\/privacy-policy\/\",\"url\":\"https:\/\/boschcarservicemartinez.com\/mtz\/privacy-policy\/\",\"name\":\"Aviso de Privacidad - Bosch Car Service Clutch y Frenos Mart\u00ednez\",\"isPartOf\":{\"@id\":\"https:\/\/boschcarservicemartinez.com\/mtz\/#website\"},\"primaryImageOfPage\":{\"@id\":\"https:\/\/boschcarservicemartinez.com\/mtz\/privacy-policy\/#primaryimage\"},\"image\":{\"@id\":\"https:\/\/boschcarservicemartinez.com\/mtz\/privacy-policy\/#primaryimage\"},\"thumbnailUrl\":\"https:\/\/boschcarservicemartinez.com\/mtz\/wp-content\/uploads\/2024\/12\/BCS_4C_48x48_14655.jpg\",\"datePublished\":\"2024-12-02T22:03:50+00:00\",\"dateModified\":\"2025-04-25T01:05:40+00:00\",\"breadcrumb\":{\"@id\":\"https:\/\/boschcarservicemartinez.com\/mtz\/privacy-policy\/#breadcrumb\"},\"inLanguage\":\"es\",\"potentialAction\":[{\"@type\":\"ReadAction\",\"target\":[\"https:\/\/boschcarservicemartinez.com\/mtz\/privacy-policy\/\"]}]},{\"@type\":\"ImageObject\",\"inLanguage\":\"es\",\"@id\":\"https:\/\/boschcarservicemartinez.com\/mtz\/privacy-policy\/#primaryimage\",\"url\":\"https:\/\/boschcarservicemartinez.com\/mtz\/wp-content\/uploads\/2024\/12\/BCS_4C_48x48_14655.jpg\",\"contentUrl\":\"https:\/\/boschcarservicemartinez.com\/mtz\/wp-content\/uploads\/2024\/12\/BCS_4C_48x48_14655.jpg\",\"width\":567,\"height\":567},{\"@type\":\"BreadcrumbList\",\"@id\":\"https:\/\/boschcarservicemartinez.com\/mtz\/privacy-policy\/#breadcrumb\",\"itemListElement\":[{\"@type\":\"ListItem\",\"position\":1,\"name\":\"Inicio\",\"item\":\"https:\/\/boschcarservicemartinez.com\/mtz\/\"},{\"@type\":\"ListItem\",\"position\":2,\"name\":\"Aviso de Privacidad\"}]},{\"@type\":\"WebSite\",\"@id\":\"https:\/\/boschcarservicemartinez.com\/mtz\/#website\",\"url\":\"https:\/\/boschcarservicemartinez.com\/mtz\/\",\"name\":\"Bosch Car Service Clutch y Frenos Mart\u00ednez\",\"description\":\"\",\"publisher\":{\"@id\":\"https:\/\/boschcarservicemartinez.com\/mtz\/#organization\"},\"potentialAction\":[{\"@type\":\"SearchAction\",\"target\":{\"@type\":\"EntryPoint\",\"urlTemplate\":\"https:\/\/boschcarservicemartinez.com\/mtz\/?s={search_term_string}\"},\"query-input\":{\"@type\":\"PropertyValueSpecification\",\"valueRequired\":true,\"valueName\":\"search_term_string\"}}],\"inLanguage\":\"es\"},{\"@type\":\"Organization\",\"@id\":\"https:\/\/boschcarservicemartinez.com\/mtz\/#organization\",\"name\":\"Bosch Car Service Clutch y Frenos Mart\u00ednez\",\"url\":\"https:\/\/boschcarservicemartinez.com\/mtz\/\",\"logo\":{\"@type\":\"ImageObject\",\"inLanguage\":\"es\",\"@id\":\"https:\/\/boschcarservicemartinez.com\/mtz\/#\/schema\/logo\/image\/\",\"url\":\"https:\/\/boschcarservicemartinez.com\/mtz\/wp-content\/uploads\/2024\/12\/BCS_4C_48x48_14655.jpg\",\"contentUrl\":\"https:\/\/boschcarservicemartinez.com\/mtz\/wp-content\/uploads\/2024\/12\/BCS_4C_48x48_14655.jpg\",\"width\":567,\"height\":567,\"caption\":\"Bosch Car Service Clutch y Frenos Mart\u00ednez\"},\"image\":{\"@id\":\"https:\/\/boschcarservicemartinez.com\/mtz\/#\/schema\/logo\/image\/\"},\"sameAs\":[\"https:\/\/www.facebook.com\/boschmtz\/\",\"https:\/\/www.instagram.com\/bcsmtz\/\",\"https:\/\/www.waze.com\/es\/live-map\/directions\/mx\/jal.\/zapopan\/bosch-car-service-megaservicios-martinez?to=place.ChIJNVG6cWqsKIQRLe2XoR9Mxp0\",\"https:\/\/www.instagram.com\/boschnorte\/?hl=en\"]}]}<\/script>\n<!-- \/ Yoast SEO plugin. -->","yoast_head_json":{"title":"Aviso de Privacidad - Bosch Car Service Clutch y Frenos Mart\u00ednez","robots":{"index":"index","follow":"follow","max-snippet":"max-snippet:-1","max-image-preview":"max-image-preview:large","max-video-preview":"max-video-preview:-1"},"canonical":"https:\/\/boschcarservicemartinez.com\/mtz\/privacy-policy\/","og_locale":"es_MX","og_type":"article","og_title":"Aviso de Privacidad - Bosch Car Service Clutch y Frenos Mart\u00ednez","og_description":"Aviso de privacidad Con fundamento en los art\u00edculos 15 y 16 de la Ley Federal de Protecci\u00f3n de Datos Personales en Posesi\u00f3n de Particulares hacemos de su conocimiento que CLUTCH Y FRENOS MARTINEZ S.A. DE C.V. CON DOMICILIO FISCAL EN H. COLEGIO MILITAR #3030, COL. EMILIANO ZAPATA, CODIGO POSTAL 80260 EN LA CIUDAD DE CULIACAN, [&hellip;]","og_url":"https:\/\/boschcarservicemartinez.com\/mtz\/privacy-policy\/","og_site_name":"Bosch Car Service Clutch y Frenos Mart\u00ednez","article_publisher":"https:\/\/www.facebook.com\/boschmtz\/","article_modified_time":"2025-04-25T01:05:40+00:00","og_image":[{"width":567,"height":567,"url":"https:\/\/boschcarservicemartinez.com\/mtz\/wp-content\/uploads\/2024\/12\/BCS_4C_48x48_14655.jpg","type":"image\/jpeg"}],"twitter_card":"summary_large_image","twitter_misc":{"Tiempo de lectura":"3 minutos"},"schema":{"@context":"https:\/\/schema.org","@graph":[{"@type":"WebPage","@id":"https:\/\/boschcarservicemartinez.com\/mtz\/privacy-policy\/","url":"https:\/\/boschcarservicemartinez.com\/mtz\/privacy-policy\/","name":"Aviso de Privacidad - Bosch Car Service Clutch y Frenos Mart\u00ednez","isPartOf":{"@id":"https:\/\/boschcarservicemartinez.com\/mtz\/#website"},"primaryImageOfPage":{"@id":"https:\/\/boschcarservicemartinez.com\/mtz\/privacy-policy\/#primaryimage"},"image":{"@id":"https:\/\/boschcarservicemartinez.com\/mtz\/privacy-policy\/#primaryimage"},"thumbnailUrl":"https:\/\/boschcarservicemartinez.com\/mtz\/wp-content\/uploads\/2024\/12\/BCS_4C_48x48_14655.jpg","datePublished":"2024-12-02T22:03:50+00:00","dateModified":"2025-04-25T01:05:40+00:00","breadcrumb":{"@id":"https:\/\/boschcarservicemartinez.com\/mtz\/privacy-policy\/#breadcrumb"},"inLanguage":"es","potentialAction":[{"@type":"ReadAction","target":["https:\/\/boschcarservicemartinez.com\/mtz\/privacy-policy\/"]}]},{"@type":"ImageObject","inLanguage":"es","@id":"https:\/\/boschcarservicemartinez.com\/mtz\/privacy-policy\/#primaryimage","url":"https:\/\/boschcarservicemartinez.com\/mtz\/wp-content\/uploads\/2024\/12\/BCS_4C_48x48_14655.jpg","contentUrl":"https:\/\/boschcarservicemartinez.com\/mtz\/wp-content\/uploads\/2024\/12\/BCS_4C_48x48_14655.jpg","width":567,"height":567},{"@type":"BreadcrumbList","@id":"https:\/\/boschcarservicemartinez.com\/mtz\/privacy-policy\/#breadcrumb","itemListElement":[{"@type":"ListItem","position":1,"name":"Inicio","item":"https:\/\/boschcarservicemartinez.com\/mtz\/"},{"@type":"ListItem","position":2,"name":"Aviso de Privacidad"}]},{"@type":"WebSite","@id":"https:\/\/boschcarservicemartinez.com\/mtz\/#website","url":"https:\/\/boschcarservicemartinez.com\/mtz\/","name":"Bosch Car Service Clutch y Frenos Mart\u00ednez","description":"","publisher":{"@id":"https:\/\/boschcarservicemartinez.com\/mtz\/#organization"},"potentialAction":[{"@type":"SearchAction","target":{"@type":"EntryPoint","urlTemplate":"https:\/\/boschcarservicemartinez.com\/mtz\/?s={search_term_string}"},"query-input":{"@type":"PropertyValueSpecification","valueRequired":true,"valueName":"search_term_string"}}],"inLanguage":"es"},{"@type":"Organization","@id":"https:\/\/boschcarservicemartinez.com\/mtz\/#organization","name":"Bosch Car Service Clutch y Frenos Mart\u00ednez","url":"https:\/\/boschcarservicemartinez.com\/mtz\/","logo":{"@type":"ImageObject","inLanguage":"es","@id":"https:\/\/boschcarservicemartinez.com\/mtz\/#\/schema\/logo\/image\/","url":"https:\/\/boschcarservicemartinez.com\/mtz\/wp-content\/uploads\/2024\/12\/BCS_4C_48x48_14655.jpg","contentUrl":"https:\/\/boschcarservicemartinez.com\/mtz\/wp-content\/uploads\/2024\/12\/BCS_4C_48x48_14655.jpg","width":567,"height":567,"caption":"Bosch Car Service Clutch y Frenos Mart\u00ednez"},"image":{"@id":"https:\/\/boschcarservicemartinez.com\/mtz\/#\/schema\/logo\/image\/"},"sameAs":["https:\/\/www.facebook.com\/boschmtz\/","https:\/\/www.instagram.com\/bcsmtz\/","https:\/\/www.waze.com\/es\/live-map\/directions\/mx\/jal.\/zapopan\/bosch-car-service-megaservicios-martinez?to=place.ChIJNVG6cWqsKIQRLe2XoR9Mxp0","https:\/\/www.instagram.com\/boschnorte\/?hl=en"]}]}},"_links":{"self":[{"href":"https:\/\/boschcarservicemartinez.com\/mtz\/wp-json\/wp\/v2\/pages\/3","targetHints":{"allow":["GET"]}}],"collection":[{"href":"https:\/\/boschcarservicemartinez.com\/mtz\/wp-json\/wp\/v2\/pages"}],"about":[{"href":"https:\/\/boschcarservicemartinez.com\/mtz\/wp-json\/wp\/v2\/types\/page"}],"author":[{"embeddable":true,"href":"https:\/\/boschcarservicemartinez.com\/mtz\/wp-json\/wp\/v2\/users\/1"}],"replies":[{"embeddable":true,"href":"https:\/\/boschcarservicemartinez.com\/mtz\/wp-json\/wp\/v2\/comments?post=3"}],"version-history":[{"count":10,"href":"https:\/\/boschcarservicemartinez.com\/mtz\/wp-json\/wp\/v2\/pages\/3\/revisions"}],"predecessor-version":[{"id":1198,"href":"https:\/\/boschcarservicemartinez.com\/mtz\/wp-json\/wp\/v2\/pages\/3\/revisions\/1198"}],"wp:attachment":[{"href":"https:\/\/boschcarservicemartinez.com\/mtz\/wp-json\/wp\/v2\/media?parent=3"}],"curies":[{"name":"wp","href":"https:\/\/api.w.org\/{rel}","templated":true}]}}