{"id":12,"date":"2024-12-03T17:12:41","date_gmt":"2024-12-03T17:12:41","guid":{"rendered":"https:\/\/boschcarservicemartinez.com\/mtz\/?page_id=12"},"modified":"2024-12-16T15:37:48","modified_gmt":"2024-12-16T21:37:48","slug":"sobre-nosotros","status":"publish","type":"page","link":"https:\/\/boschcarservicemartinez.com\/mtz\/sobre-nosotros\/","title":{"rendered":"Sobre Nosotros"},"content":{"rendered":"\t\t<div data-elementor-type=\"wp-page\" data-elementor-id=\"12\" class=\"elementor elementor-12\" data-elementor-post-type=\"page\">\n\t\t\t\t<div class=\"elementor-element elementor-element-72ccbe5 e-flex e-con-boxed e-con e-parent\" data-id=\"72ccbe5\" data-element_type=\"container\" data-settings=\"{&quot;background_background&quot;:&quot;video&quot;,&quot;background_video_link&quot;:&quot;https:\\\/\\\/www.youtube.com\\\/watch?v=VTDB3mKx7jM&amp;ab_channel=BoschCarService&quot;,&quot;background_video_start&quot;:4,&quot;background_video_end&quot;:110}\">\n\t\t\t\t\t<div class=\"e-con-inner\">\n\t\t<div class=\"elementor-background-video-container elementor-hidden-mobile\" aria-hidden=\"true\">\n\t\t\t\t\t\t\t<div class=\"elementor-background-video-embed\"><\/div>\n\t\t\t\t\t\t<\/div>\t\t\t<\/div>\n\t\t\t\t<\/div>\n\t\t<div class=\"elementor-element elementor-element-061df5f e-flex e-con-boxed e-con e-parent\" data-id=\"061df5f\" data-element_type=\"container\" data-settings=\"{&quot;background_background&quot;:&quot;classic&quot;}\">\n\t\t\t\t\t<div class=\"e-con-inner\">\n\t\t<div class=\"elementor-element elementor-element-b2d5368 e-con-full e-flex e-con e-child\" data-id=\"b2d5368\" data-element_type=\"container\">\n\t\t\t\t<div class=\"elementor-element elementor-element-d71f4ad elementor-widget elementor-widget-heading\" data-id=\"d71f4ad\" data-element_type=\"widget\" data-widget_type=\"heading.default\">\n\t\t\t\t<div class=\"elementor-widget-container\">\n\t\t\t\t\t<h2 class=\"elementor-heading-title elementor-size-default\">SOBRE NOSOTROS<\/h2>\t\t\t\t<\/div>\n\t\t\t\t<\/div>\n\t\t\t\t<\/div>\n\t\t\t\t\t<\/div>\n\t\t\t\t<\/div>\n\t\t<div class=\"elementor-element elementor-element-fd4dd7f e-flex e-con-boxed e-con e-parent\" data-id=\"fd4dd7f\" data-element_type=\"container\">\n\t\t\t\t\t<div class=\"e-con-inner\">\n\t\t\t\t<div class=\"elementor-element elementor-element-dd5356a elementor-widget elementor-widget-image\" data-id=\"dd5356a\" data-element_type=\"widget\" data-widget_type=\"image.default\">\n\t\t\t\t<div class=\"elementor-widget-container\">\n\t\t\t\t\t\t\t\t\t\t\t\t\t\t\t<img fetchpriority=\"high\" decoding=\"async\" width=\"795\" height=\"469\" src=\"https:\/\/boschcarservicemartinez.com\/mtz\/wp-content\/uploads\/2024\/12\/RED-BCS-Mundial.webp\" class=\"attachment-large size-large wp-image-283\" alt=\"\" srcset=\"https:\/\/boschcarservicemartinez.com\/mtz\/wp-content\/uploads\/2024\/12\/RED-BCS-Mundial.webp 795w, https:\/\/boschcarservicemartinez.com\/mtz\/wp-content\/uploads\/2024\/12\/RED-BCS-Mundial-300x177.webp 300w, https:\/\/boschcarservicemartinez.com\/mtz\/wp-content\/uploads\/2024\/12\/RED-BCS-Mundial-768x453.webp 768w\" sizes=\"(max-width: 795px) 100vw, 795px\" \/>\t\t\t\t\t\t\t\t\t\t\t\t\t\t\t<\/div>\n\t\t\t\t<\/div>\n\t\t\t\t<div class=\"elementor-element elementor-element-bf1da61 elementor-widget elementor-widget-text-editor\" data-id=\"bf1da61\" data-element_type=\"widget\" data-widget_type=\"text-editor.default\">\n\t\t\t\t<div class=\"elementor-widget-container\">\n\t\t\t\t\t\t\t\t\t<p><span style=\"font-family: Arial;\">95 a\u00f1os de Servicio y vamos por 95 m\u00e1s<\/span><\/p>\t\t\t\t\t\t\t\t<\/div>\n\t\t\t\t<\/div>\n\t\t\t\t\t<\/div>\n\t\t\t\t<\/div>\n\t\t<div class=\"elementor-element elementor-element-74af90f e-flex e-con-boxed e-con e-parent\" data-id=\"74af90f\" data-element_type=\"container\" data-settings=\"{&quot;background_background&quot;:&quot;classic&quot;}\">\n\t\t\t\t\t<div class=\"e-con-inner\">\n\t\t\t\t<div class=\"elementor-element elementor-element-e13a1ca elementor-widget elementor-widget-text-editor\" data-id=\"e13a1ca\" data-element_type=\"widget\" data-widget_type=\"text-editor.default\">\n\t\t\t\t<div class=\"elementor-widget-container\">\n\t\t\t\t\t\t\t\t\t<p>Somos la red mas grande de talleres de reparaci\u00f3n de autom\u00f3viles independientes, m\u00e1s de 15,000 talleres Bosch Car Service en 150 pa\u00edses, cerca de 1,700 en Am\u00e9rica del Norte.<\/p>\t\t\t\t\t\t\t\t<\/div>\n\t\t\t\t<\/div>\n\t\t\t\t<div class=\"elementor-element elementor-element-fbf78be elementor-widget elementor-widget-text-editor\" data-id=\"fbf78be\" data-element_type=\"widget\" data-widget_type=\"text-editor.default\">\n\t\t\t\t<div class=\"elementor-widget-container\">\n\t\t\t\t\t\t\t\t\t<p>Bosch Car Service va mas all\u00e1 de un servicio automotriz. Es un servicio integral orientado al cliente, donde la tecnolog\u00eda automotriz de \u00faltima generaci\u00f3n se une a la atenci\u00f3n personalizada y profesional del persona a cargo.<\/p><p>Compruebe a trav\u00e9s de nuestra red nacional de servicios, la excelencia en el trabajo, atenci\u00f3n y la tecnolog\u00eda que solo Bosch puede entregar. Y recuerde que m\u00e1s que un servicio automotriz, somos Bosch Car Service.<\/p>\t\t\t\t\t\t\t\t<\/div>\n\t\t\t\t<\/div>\n\t\t\t\t\t<\/div>\n\t\t\t\t<\/div>\n\t\t<div class=\"elementor-element elementor-element-4eb8be6 e-flex e-con-boxed e-con e-parent\" data-id=\"4eb8be6\" data-element_type=\"container\">\n\t\t\t\t\t<div class=\"e-con-inner\">\n\t\t\t\t<div class=\"elementor-element elementor-element-11f5376 elementor-widget elementor-widget-image\" data-id=\"11f5376\" data-element_type=\"widget\" data-widget_type=\"image.default\">\n\t\t\t\t<div class=\"elementor-widget-container\">\n\t\t\t\t\t\t\t\t\t\t\t\t\t\t\t<img decoding=\"async\" width=\"884\" height=\"605\" src=\"https:\/\/boschcarservicemartinez.com\/mtz\/wp-content\/uploads\/2024\/12\/Red-Nacional-BCS.webp\" class=\"attachment-full size-full wp-image-284\" alt=\"\" srcset=\"https:\/\/boschcarservicemartinez.com\/mtz\/wp-content\/uploads\/2024\/12\/Red-Nacional-BCS.webp 884w, https:\/\/boschcarservicemartinez.com\/mtz\/wp-content\/uploads\/2024\/12\/Red-Nacional-BCS-300x205.webp 300w, https:\/\/boschcarservicemartinez.com\/mtz\/wp-content\/uploads\/2024\/12\/Red-Nacional-BCS-768x526.webp 768w\" sizes=\"(max-width: 884px) 100vw, 884px\" \/>\t\t\t\t\t\t\t\t\t\t\t\t\t\t\t<\/div>\n\t\t\t\t<\/div>\n\t\t\t\t\t<\/div>\n\t\t\t\t<\/div>\n\t\t<div class=\"elementor-element elementor-element-cd563fc e-flex e-con-boxed e-con e-parent\" data-id=\"cd563fc\" data-element_type=\"container\" data-settings=\"{&quot;background_background&quot;:&quot;classic&quot;}\">\n\t\t\t\t\t<div class=\"e-con-inner\">\n\t\t\t\t<div class=\"elementor-element elementor-element-4b09300 elementor-invisible elementor-widget elementor-widget-image\" data-id=\"4b09300\" data-element_type=\"widget\" data-settings=\"{&quot;_animation&quot;:&quot;slideInLeft&quot;}\" data-widget_type=\"image.default\">\n\t\t\t\t<div class=\"elementor-widget-container\">\n\t\t\t\t\t\t\t\t\t\t\t\t\t\t\t<img decoding=\"async\" width=\"776\" height=\"1002\" src=\"https:\/\/boschcarservicemartinez.com\/mtz\/wp-content\/uploads\/2024\/12\/featured-image-2.webp\" class=\"attachment-large size-large wp-image-285\" alt=\"\" srcset=\"https:\/\/boschcarservicemartinez.com\/mtz\/wp-content\/uploads\/2024\/12\/featured-image-2.webp 776w, https:\/\/boschcarservicemartinez.com\/mtz\/wp-content\/uploads\/2024\/12\/featured-image-2-232x300.webp 232w, https:\/\/boschcarservicemartinez.com\/mtz\/wp-content\/uploads\/2024\/12\/featured-image-2-768x992.webp 768w\" sizes=\"(max-width: 776px) 100vw, 776px\" \/>\t\t\t\t\t\t\t\t\t\t\t\t\t\t\t<\/div>\n\t\t\t\t<\/div>\n\t\t\t\t<div class=\"elementor-element elementor-element-51cd479 elementor-widget elementor-widget-text-editor\" data-id=\"51cd479\" data-element_type=\"widget\" data-widget_type=\"text-editor.default\">\n\t\t\t\t<div class=\"elementor-widget-container\">\n\t\t\t\t\t\t\t\t\t<p>Bosch siempre ha sido una empresa guiada por los valores. Muchos de nuestros valores se remontan a nuestro fundador, Robert Bosch; otros se han cambiado o han surgido a lo largo de las d\u00e9cadas. Nuestros valores reflejan la forma en la cual manejamos nuestra empresa: nuestra \u00e9tica profesional al tratar con los socios comerciales, inversores, empleados y con nuestra sociedad.<\/p>\t\t\t\t\t\t\t\t<\/div>\n\t\t\t\t<\/div>\n\t\t\t\t<div class=\"elementor-element elementor-element-e0e85e4 elementor-align-center elementor-widget__width-auto elementor-widget elementor-widget-button\" data-id=\"e0e85e4\" data-element_type=\"widget\" data-widget_type=\"button.default\">\n\t\t\t\t<div class=\"elementor-widget-container\">\n\t\t\t\t\t\t\t\t\t<div class=\"elementor-button-wrapper\">\n\t\t\t\t\t<a class=\"elementor-button elementor-button-link elementor-size-sm\" href=\"https:\/\/boschcarservicemartinez.com\/mtz\/nuestra-historia\/\">\n\t\t\t\t\t\t<span class=\"elementor-button-content-wrapper\">\n\t\t\t\t\t\t\t\t\t<span class=\"elementor-button-text\">Nuestra Historia<\/span>\n\t\t\t\t\t<\/span>\n\t\t\t\t\t<\/a>\n\t\t\t\t<\/div>\n\t\t\t\t\t\t\t\t<\/div>\n\t\t\t\t<\/div>\n\t\t\t\t\t<\/div>\n\t\t\t\t<\/div>\n\t\t\t\t<\/div>\n\t\t","protected":false},"excerpt":{"rendered":"<p>SOBRE NOSOTROS 95 a\u00f1os de Servicio y vamos por 95 m\u00e1s Somos la red mas grande de talleres de reparaci\u00f3n de autom\u00f3viles independientes, m\u00e1s de 15,000 talleres Bosch Car Service en 150 pa\u00edses, cerca de 1,700 en Am\u00e9rica del Norte. Bosch Car Service va mas all\u00e1 de un servicio automotriz. Es un servicio integral orientado [&hellip;]<\/p>\n","protected":false},"author":2,"featured_media":0,"parent":0,"menu_order":0,"comment_status":"closed","ping_status":"closed","template":"","meta":{"_joinchat":[],"footnotes":""},"class_list":["post-12","page","type-page","status-publish","hentry"],"yoast_head":"<!-- This site is optimized with the Yoast SEO plugin v26.8 - https:\/\/yoast.com\/product\/yoast-seo-wordpress\/ -->\n<title>Sobre Nosotros - Bosch Car Service Clutch y Frenos Mart\u00ednez<\/title>\n<meta name=\"robots\" content=\"index, follow, max-snippet:-1, max-image-preview:large, max-video-preview:-1\" \/>\n<link rel=\"canonical\" href=\"https:\/\/boschcarservicemartinez.com\/mtz\/sobre-nosotros\/\" \/>\n<meta property=\"og:locale\" content=\"es_MX\" \/>\n<meta property=\"og:type\" content=\"article\" \/>\n<meta property=\"og:title\" content=\"Sobre Nosotros - Bosch Car Service Clutch y Frenos Mart\u00ednez\" \/>\n<meta property=\"og:description\" content=\"SOBRE NOSOTROS 95 a\u00f1os de Servicio y vamos por 95 m\u00e1s Somos la red mas grande de talleres de reparaci\u00f3n de autom\u00f3viles independientes, m\u00e1s de 15,000 talleres Bosch Car Service en 150 pa\u00edses, cerca de 1,700 en Am\u00e9rica del Norte. Bosch Car Service va mas all\u00e1 de un servicio automotriz. Es un servicio integral orientado [&hellip;]\" \/>\n<meta property=\"og:url\" content=\"https:\/\/boschcarservicemartinez.com\/mtz\/sobre-nosotros\/\" \/>\n<meta property=\"og:site_name\" content=\"Bosch Car Service Clutch y Frenos Mart\u00ednez\" \/>\n<meta property=\"article:publisher\" content=\"https:\/\/www.facebook.com\/boschmtz\/\" \/>\n<meta property=\"article:modified_time\" content=\"2024-12-16T21:37:48+00:00\" \/>\n<meta property=\"og:image\" content=\"https:\/\/boschcarservicemartinez.com\/mtz\/wp-content\/uploads\/2024\/12\/RED-BCS-Mundial.webp\" \/>\n\t<meta property=\"og:image:width\" content=\"795\" \/>\n\t<meta property=\"og:image:height\" content=\"469\" \/>\n\t<meta property=\"og:image:type\" content=\"image\/webp\" \/>\n<meta name=\"twitter:card\" content=\"summary_large_image\" \/>\n<meta name=\"twitter:label1\" content=\"Tiempo de lectura\" \/>\n\t<meta name=\"twitter:data1\" content=\"1 minuto\" \/>\n<script type=\"application\/ld+json\" class=\"yoast-schema-graph\">{\"@context\":\"https:\/\/schema.org\",\"@graph\":[{\"@type\":\"WebPage\",\"@id\":\"https:\/\/boschcarservicemartinez.com\/mtz\/sobre-nosotros\/\",\"url\":\"https:\/\/boschcarservicemartinez.com\/mtz\/sobre-nosotros\/\",\"name\":\"Sobre Nosotros - Bosch Car Service Clutch y Frenos Mart\u00ednez\",\"isPartOf\":{\"@id\":\"https:\/\/boschcarservicemartinez.com\/mtz\/#website\"},\"primaryImageOfPage\":{\"@id\":\"https:\/\/boschcarservicemartinez.com\/mtz\/sobre-nosotros\/#primaryimage\"},\"image\":{\"@id\":\"https:\/\/boschcarservicemartinez.com\/mtz\/sobre-nosotros\/#primaryimage\"},\"thumbnailUrl\":\"https:\/\/boschcarservicemartinez.com\/mtz\/wp-content\/uploads\/2024\/12\/RED-BCS-Mundial.webp\",\"datePublished\":\"2024-12-03T17:12:41+00:00\",\"dateModified\":\"2024-12-16T21:37:48+00:00\",\"breadcrumb\":{\"@id\":\"https:\/\/boschcarservicemartinez.com\/mtz\/sobre-nosotros\/#breadcrumb\"},\"inLanguage\":\"es\",\"potentialAction\":[{\"@type\":\"ReadAction\",\"target\":[\"https:\/\/boschcarservicemartinez.com\/mtz\/sobre-nosotros\/\"]}]},{\"@type\":\"ImageObject\",\"inLanguage\":\"es\",\"@id\":\"https:\/\/boschcarservicemartinez.com\/mtz\/sobre-nosotros\/#primaryimage\",\"url\":\"https:\/\/boschcarservicemartinez.com\/mtz\/wp-content\/uploads\/2024\/12\/RED-BCS-Mundial.webp\",\"contentUrl\":\"https:\/\/boschcarservicemartinez.com\/mtz\/wp-content\/uploads\/2024\/12\/RED-BCS-Mundial.webp\",\"width\":795,\"height\":469},{\"@type\":\"BreadcrumbList\",\"@id\":\"https:\/\/boschcarservicemartinez.com\/mtz\/sobre-nosotros\/#breadcrumb\",\"itemListElement\":[{\"@type\":\"ListItem\",\"position\":1,\"name\":\"Inicio\",\"item\":\"https:\/\/boschcarservicemartinez.com\/mtz\/\"},{\"@type\":\"ListItem\",\"position\":2,\"name\":\"Sobre Nosotros\"}]},{\"@type\":\"WebSite\",\"@id\":\"https:\/\/boschcarservicemartinez.com\/mtz\/#website\",\"url\":\"https:\/\/boschcarservicemartinez.com\/mtz\/\",\"name\":\"Bosch Car Service Clutch y Frenos Mart\u00ednez\",\"description\":\"\",\"publisher\":{\"@id\":\"https:\/\/boschcarservicemartinez.com\/mtz\/#organization\"},\"potentialAction\":[{\"@type\":\"SearchAction\",\"target\":{\"@type\":\"EntryPoint\",\"urlTemplate\":\"https:\/\/boschcarservicemartinez.com\/mtz\/?s={search_term_string}\"},\"query-input\":{\"@type\":\"PropertyValueSpecification\",\"valueRequired\":true,\"valueName\":\"search_term_string\"}}],\"inLanguage\":\"es\"},{\"@type\":\"Organization\",\"@id\":\"https:\/\/boschcarservicemartinez.com\/mtz\/#organization\",\"name\":\"Bosch Car Service Clutch y Frenos Mart\u00ednez\",\"url\":\"https:\/\/boschcarservicemartinez.com\/mtz\/\",\"logo\":{\"@type\":\"ImageObject\",\"inLanguage\":\"es\",\"@id\":\"https:\/\/boschcarservicemartinez.com\/mtz\/#\/schema\/logo\/image\/\",\"url\":\"https:\/\/boschcarservicemartinez.com\/mtz\/wp-content\/uploads\/2024\/12\/BCS_4C_48x48_14655.jpg\",\"contentUrl\":\"https:\/\/boschcarservicemartinez.com\/mtz\/wp-content\/uploads\/2024\/12\/BCS_4C_48x48_14655.jpg\",\"width\":567,\"height\":567,\"caption\":\"Bosch Car Service Clutch y Frenos Mart\u00ednez\"},\"image\":{\"@id\":\"https:\/\/boschcarservicemartinez.com\/mtz\/#\/schema\/logo\/image\/\"},\"sameAs\":[\"https:\/\/www.facebook.com\/boschmtz\/\",\"https:\/\/www.instagram.com\/bcsmtz\/\",\"https:\/\/www.waze.com\/es\/live-map\/directions\/mx\/jal.\/zapopan\/bosch-car-service-megaservicios-martinez?to=place.ChIJNVG6cWqsKIQRLe2XoR9Mxp0\",\"https:\/\/www.instagram.com\/boschnorte\/?hl=en\"]}]}<\/script>\n<!-- \/ Yoast SEO plugin. -->","yoast_head_json":{"title":"Sobre Nosotros - Bosch Car Service Clutch y Frenos Mart\u00ednez","robots":{"index":"index","follow":"follow","max-snippet":"max-snippet:-1","max-image-preview":"max-image-preview:large","max-video-preview":"max-video-preview:-1"},"canonical":"https:\/\/boschcarservicemartinez.com\/mtz\/sobre-nosotros\/","og_locale":"es_MX","og_type":"article","og_title":"Sobre Nosotros - Bosch Car Service Clutch y Frenos Mart\u00ednez","og_description":"SOBRE NOSOTROS 95 a\u00f1os de Servicio y vamos por 95 m\u00e1s Somos la red mas grande de talleres de reparaci\u00f3n de autom\u00f3viles independientes, m\u00e1s de 15,000 talleres Bosch Car Service en 150 pa\u00edses, cerca de 1,700 en Am\u00e9rica del Norte. Bosch Car Service va mas all\u00e1 de un servicio automotriz. Es un servicio integral orientado [&hellip;]","og_url":"https:\/\/boschcarservicemartinez.com\/mtz\/sobre-nosotros\/","og_site_name":"Bosch Car Service Clutch y Frenos Mart\u00ednez","article_publisher":"https:\/\/www.facebook.com\/boschmtz\/","article_modified_time":"2024-12-16T21:37:48+00:00","og_image":[{"width":795,"height":469,"url":"https:\/\/boschcarservicemartinez.com\/mtz\/wp-content\/uploads\/2024\/12\/RED-BCS-Mundial.webp","type":"image\/webp"}],"twitter_card":"summary_large_image","twitter_misc":{"Tiempo de lectura":"1 minuto"},"schema":{"@context":"https:\/\/schema.org","@graph":[{"@type":"WebPage","@id":"https:\/\/boschcarservicemartinez.com\/mtz\/sobre-nosotros\/","url":"https:\/\/boschcarservicemartinez.com\/mtz\/sobre-nosotros\/","name":"Sobre Nosotros - Bosch Car Service Clutch y Frenos Mart\u00ednez","isPartOf":{"@id":"https:\/\/boschcarservicemartinez.com\/mtz\/#website"},"primaryImageOfPage":{"@id":"https:\/\/boschcarservicemartinez.com\/mtz\/sobre-nosotros\/#primaryimage"},"image":{"@id":"https:\/\/boschcarservicemartinez.com\/mtz\/sobre-nosotros\/#primaryimage"},"thumbnailUrl":"https:\/\/boschcarservicemartinez.com\/mtz\/wp-content\/uploads\/2024\/12\/RED-BCS-Mundial.webp","datePublished":"2024-12-03T17:12:41+00:00","dateModified":"2024-12-16T21:37:48+00:00","breadcrumb":{"@id":"https:\/\/boschcarservicemartinez.com\/mtz\/sobre-nosotros\/#breadcrumb"},"inLanguage":"es","potentialAction":[{"@type":"ReadAction","target":["https:\/\/boschcarservicemartinez.com\/mtz\/sobre-nosotros\/"]}]},{"@type":"ImageObject","inLanguage":"es","@id":"https:\/\/boschcarservicemartinez.com\/mtz\/sobre-nosotros\/#primaryimage","url":"https:\/\/boschcarservicemartinez.com\/mtz\/wp-content\/uploads\/2024\/12\/RED-BCS-Mundial.webp","contentUrl":"https:\/\/boschcarservicemartinez.com\/mtz\/wp-content\/uploads\/2024\/12\/RED-BCS-Mundial.webp","width":795,"height":469},{"@type":"BreadcrumbList","@id":"https:\/\/boschcarservicemartinez.com\/mtz\/sobre-nosotros\/#breadcrumb","itemListElement":[{"@type":"ListItem","position":1,"name":"Inicio","item":"https:\/\/boschcarservicemartinez.com\/mtz\/"},{"@type":"ListItem","position":2,"name":"Sobre Nosotros"}]},{"@type":"WebSite","@id":"https:\/\/boschcarservicemartinez.com\/mtz\/#website","url":"https:\/\/boschcarservicemartinez.com\/mtz\/","name":"Bosch Car Service Clutch y Frenos Mart\u00ednez","description":"","publisher":{"@id":"https:\/\/boschcarservicemartinez.com\/mtz\/#organization"},"potentialAction":[{"@type":"SearchAction","target":{"@type":"EntryPoint","urlTemplate":"https:\/\/boschcarservicemartinez.com\/mtz\/?s={search_term_string}"},"query-input":{"@type":"PropertyValueSpecification","valueRequired":true,"valueName":"search_term_string"}}],"inLanguage":"es"},{"@type":"Organization","@id":"https:\/\/boschcarservicemartinez.com\/mtz\/#organization","name":"Bosch Car Service Clutch y Frenos Mart\u00ednez","url":"https:\/\/boschcarservicemartinez.com\/mtz\/","logo":{"@type":"ImageObject","inLanguage":"es","@id":"https:\/\/boschcarservicemartinez.com\/mtz\/#\/schema\/logo\/image\/","url":"https:\/\/boschcarservicemartinez.com\/mtz\/wp-content\/uploads\/2024\/12\/BCS_4C_48x48_14655.jpg","contentUrl":"https:\/\/boschcarservicemartinez.com\/mtz\/wp-content\/uploads\/2024\/12\/BCS_4C_48x48_14655.jpg","width":567,"height":567,"caption":"Bosch Car Service Clutch y Frenos Mart\u00ednez"},"image":{"@id":"https:\/\/boschcarservicemartinez.com\/mtz\/#\/schema\/logo\/image\/"},"sameAs":["https:\/\/www.facebook.com\/boschmtz\/","https:\/\/www.instagram.com\/bcsmtz\/","https:\/\/www.waze.com\/es\/live-map\/directions\/mx\/jal.\/zapopan\/bosch-car-service-megaservicios-martinez?to=place.ChIJNVG6cWqsKIQRLe2XoR9Mxp0","https:\/\/www.instagram.com\/boschnorte\/?hl=en"]}]}},"_links":{"self":[{"href":"https:\/\/boschcarservicemartinez.com\/mtz\/wp-json\/wp\/v2\/pages\/12","targetHints":{"allow":["GET"]}}],"collection":[{"href":"https:\/\/boschcarservicemartinez.com\/mtz\/wp-json\/wp\/v2\/pages"}],"about":[{"href":"https:\/\/boschcarservicemartinez.com\/mtz\/wp-json\/wp\/v2\/types\/page"}],"author":[{"embeddable":true,"href":"https:\/\/boschcarservicemartinez.com\/mtz\/wp-json\/wp\/v2\/users\/2"}],"replies":[{"embeddable":true,"href":"https:\/\/boschcarservicemartinez.com\/mtz\/wp-json\/wp\/v2\/comments?post=12"}],"version-history":[{"count":70,"href":"https:\/\/boschcarservicemartinez.com\/mtz\/wp-json\/wp\/v2\/pages\/12\/revisions"}],"predecessor-version":[{"id":1003,"href":"https:\/\/boschcarservicemartinez.com\/mtz\/wp-json\/wp\/v2\/pages\/12\/revisions\/1003"}],"wp:attachment":[{"href":"https:\/\/boschcarservicemartinez.com\/mtz\/wp-json\/wp\/v2\/media?parent=12"}],"curies":[{"name":"wp","href":"https:\/\/api.w.org\/{rel}","templated":true}]}}